Let n be l(-1). Let o = n - -33. What is the units digit of o?
1
Let s be (-4)/18 - (-914)/(-18). Suppose -54 = a - 21. Let o = a - s. What is the units digit of o?
8
Let f = 450 - -964. What is the tens digit of f?
1
Let x = 12174 - 6055. What is the hundreds digit of x?
1
Let i(x) = -x**3 - 10*x**2 + 40*x - 9. What is the units digit of i(-14)?
5
What is the units digit of 961408/348 + (-22)/6?
9
Let p(t) = t**3 - 6*t**2 + 7*t - 12. Let i be p(2). Let a = 108 - i. What is the units digit of a?
2
Let y be 6/(-12) - 10/(-4). Let t(s) = -3*s. Let x be t(y). Let d(q) = -4*q - 4. What is the units digit of d(x)?
0
Suppose 2*l - 5*x = -3*l - 90, 3*x + 65 = -4*l. Let m be 1/((-69)/l - 4). Suppose 2*r = -k + 116, -3*k + 5 = m. What is the tens digit of r?
6
Let p be 114/24 - (-3)/(-4). Suppose -5*w - 3*h + 40 = 0, -8 = p*w - h - 23. Suppose w*r + 4*m = 228, 3*r + m - 126 = 8. What is the units digit of r?
4
Suppose 5*z + 4*n = -1288, 2*n - 508 = -11*z + 13*z. What is the tens digit of z/(-24) - 3/(-9)?
1
Let m(w) = w**3 - 7*w**2 + 7*w - 1. Let g be m(6). Let s(d) = -1 - 4*d - g*d**2 + 6*d**2 + d**2 - 7*d. What is the tens digit of s(8)?
3
Let w = 12 - 7. Let s(v) = 11*v**2 + 5*v. Let z be s(-5). What is the units digit of (12/w)/(20/z)?
0
Suppose -2*p + 806 = -5*x, 806 = 2*p + 3*x - 4*x. What is the tens digit of p?
0
Let g = -218 - -369. Let w be 81/15 + 4/(-10). Suppose -3*b = o - 82, -w*b - 4*o + g = 26. What is the units digit of b?
9
Suppose -g + 744 = -910. What is the thousands digit of g?
1
Let v(l) = l**3 - 3*l**2 + l + 2. Let g be (-6 - -5)/(-2 + 1). Let u be (3 - 2) + (4 - g). What is the tens digit of v(u)?
2
Let j(b) = b**3 + 2*b**2 - 3*b + 2. Let c be j(-3). Let h(a) = 4 - 5 - 1 - a**3 - 5 + 4*a - 7*a**c. What is the units digit of h(-8)?
5
Suppose -44*f = -54*f + 16530. What is the thousands digit of f?
1
Let r be (-3)/(-6) - (-325)/10. Suppose -2*o + 4 = -5*d - r, -4*d - 84 = -5*o. What is the units digit of o?
6
Let x = 13 - 35. Let b = 59 - x. What is the units digit of b?
1
Suppose 159 = a - 185. Let g = a - 132. What is the units digit of g?
2
Let u(f) = f**2 + 12*f + 48. What is the hundreds digit of u(15)?
4
Suppose -13*r - 1517 = -5521. Suppose -r = 4*y - 15*y. What is the tens digit of y?
2
Suppose 0*v = -v + 4. Suppose 0*l + 194 = v*l + 5*z, l + 4*z - 54 = 0. What is the units digit of l?
6
Let o(y) = -y**3 - 7*y**2 - 3*y + 7. Let f be o(-5). Let w = f + 40. Suppose 9 = -9*z + w*z. What is the units digit of z?
3
What is the units digit of 313 - 0 - (20 + -20)?
3
Suppose -3*r + 48 = 5*z, 14 = -z + 2*z + 5*r. Let i be -1 - -1 - -1*z. Let h = i - -4. What is the tens digit of h?
1
Let z = 574 - 313. What is the units digit of z?
1
Let q = 1426 - 947. What is the tens digit of q?
7
Let r = 44 + 6. Suppose -5*q = -v + 82, 4*q = 5*v - 255 - r. Suppose 0 = 3*t - v - 6. What is the units digit of t?
1
What is the units digit of 4126/18 + ((-32)/(-18))/(-8)?
9
What is the tens digit of (-15)/(15/126*(-18)/160)?
2
Suppose 4*p = -h + 75, 23*p - 20*p + 3*h - 54 = 0. Let z = -90 + 127. Let i = z - p. What is the tens digit of i?
1
Let m be -3 + (4 + -3)*3. Suppose m = -k + 3 - 0. Suppose -2*o - o - 4*v + 101 = 0, 0 = k*v - 6. What is the tens digit of o?
3
Suppose 10*q = 6*q + 832. Suppose -6*n + q = -2*n. What is the tens digit of n?
5
Suppose 2*h - 10 = 0, -3*v - 3*h + 11 - 2 = 0. Let b be (50/(-15))/(v/3). Suppose -50 + 220 = b*p. What is the units digit of p?
4
Suppose 38*w + 1568 = 40974. What is the tens digit of w?
3
Let h(u) = u**2 - 23*u - 41. Let i be h(27). Let a = i - 58. What is the units digit of a?
9
Suppose -5*m + 3 = -2*a - 3, -5*m + 18 = 4*a. Suppose m*p - 99 = 143. Suppose 2*x - 5*x - p = -5*j, 0 = -5*j + x + 117. What is the tens digit of j?
2
Let k be 4/(-7)*(105/6)/(-5). Suppose -5*x = -2*x + 4*g - 163, -k*x + 108 = 2*g. What is the tens digit of x?
5
Suppose 4*t = 12*t - 3208. What is the units digit of t?
1
Suppose -2*u + 15 + 11 = 0. Suppose 3*w + 45 = 2*i - 1, 5*w + 70 = 2*i. Let a = w + u. What is the units digit of a?
1
What is the hundreds digit of (1086 - (1 - 0)) + (-10)/(-10)?
0
Let j be 14*((4 - 1) + -13). What is the units digit of (-5 + 62/10)/((-6)/j)?
8
Suppose 6*h - 14*h = -1576. What is the tens digit of h?
9
Suppose 9*w - 9 = 6*w. Suppose 0 = w*b - 2*b - 2*k - 49, -5*k = 25. Suppose r - b = -0*r. What is the units digit of r?
9
Let a(b) = 8*b**2 - 69*b - 25. What is the units digit of a(-16)?
7
Let s = -4 - -4. Let x = s - 2. What is the units digit of 3/((-3)/(6/x))?
3
Let o(h) = 2*h - 12. Let x be o(7). Suppose 23 = 4*y + x*m - 25, 3*m = -2*y + 20. What is the units digit of y?
3
Suppose -3*n = -5*w + 29, 2*n - 1 = -w - 3. Let o be ((-2)/w)/(2/(-36)). What is the tens digit of 1/((9/50)/o)?
5
Let q(h) = h**2 - 8*h + 8. Let f be q(11). Let t = 275 - f. What is the tens digit of t?
3
Suppose 0 = -11*i + 5*i + 12. Suppose 0 = 2*j + 8, i*j = -2*s - 3*j + 66. What is the units digit of s?
3
Suppose -6*i = 2*p - 2*i - 8, -3*i = -3. Suppose -1 = -p*z + 9, 95 = 2*x - z. What is the tens digit of x?
5
Let d(r) = -2*r**2 - 9*r + 2. Let b be d(-8). What is the tens digit of b/(-4) - (-12)/24?
1
What is the hundreds digit of 4220/9 + (-4)/(-36)?
4
Suppose 0 = 3*c - 4*c + 3. Suppose -4*u = -c*u + 11. Let m(q) = -4*q - 2. What is the units digit of m(u)?
2
Suppose -5*o = -2*t + 4*t + 564, 5*o = 3*t + 846. Let l(f) = -f**3 + 4*f**2 + 4*f + 4. Let b be l(5). What is the tens digit of (t/(-18))/(b/(-3))?
4
Suppose 0 = 5*t + 2*f - 26, 11 = 3*t - 4*t + 5*f. Suppose -t*m + m = -147. What is the tens digit of m?
4
Suppose -4*f + 6 = -2*a - 6, 2 = -a. Suppose f*s = -11 + 19. Suppose s*y - 26 = 134. What is the tens digit of y?
4
Let k = 27 - 61. What is the units digit of k*9/(-15)*10/4?
1
Let s be (-84)/(-35)*10/6. Suppose 7*y - 5*y = s*i + 410, -3*y - 5*i = -593. What is the tens digit of y?
0
Let h(x) = -3*x + 7. Let i be h(5). Let s = i - -13. Suppose 5*v + s*q - 95 = v, -3*q - 51 = -3*v. What is the tens digit of v?
2
Let o = -1471 + 5575. What is the tens digit of o?
0
Let q = 32 - 31. Let t(p) = -37*p + 1. Let g be t(q). Let b = g - -48. What is the units digit of b?
2
Let v = -57 - -5. Let p be (-1)/((-2)/(-68)) + (15 - 15). Let y = p - v. What is the units digit of y?
8
Let y(i) = -i + 13. Let v be y(12). What is the tens digit of v + (-132)/(4/(24/(-9)))?
8
Let f = 1216 - 764. What is the hundreds digit of f?
4
Let o = -4 + 4. Suppose o*g + 2*g = -2*v + 78, 4*g = 16. Suppose v = p - 3*x, 3*p + x = 123 - 38. What is the tens digit of p?
2
Let w be 16/(-6) - 8/24. Let i be -4 - (6 + w + -2). Let x = i - -9. What is the units digit of x?
4
Let i(g) = -g**2 + 11*g - 25. Let m be i(13). Let y = 76 + m. What is the tens digit of y?
2
Let w(i) = -7 + 2 - 3*i + 2*i - 8. Let q be w(-6). Let f = 22 + q. What is the units digit of f?
5
Let t = -11 - -20. Let b = t - -2. Suppose 0 = -2*i - 4*f + b + 9, 4*f - 26 = -5*i. What is the units digit of i?
2
Suppose -301 = 13*w - 1042. Let u = w + 26. What is the units digit of u?
3
Let w(z) = z - 17. Let r be w(-15). Let o = 60 + r. What is the units digit of o?
8
Suppose -30*s - 1572 = -34*s. What is the hundreds digit of s?
3
Suppose -276 = -3*i + 3*c, -7*c = -i - 10*c + 88. What is the tens digit of i?
9
Suppose 5*v = 5*h + 2 + 8, h - 14 = -3*v. Let o be -129*(-3)/18*h. Let q = 4 + o. What is the units digit of q?
7
What is the hundreds digit of 4 - (-129 - (-2 - -4))?
1
What is the units digit of (210 - -8) + 11 + -4?
5
Let x be -4 + 4/(16/4). Let b(j) = -j**2 - 3*j - 4. Let n be b(x). Let t(y) = 3*y**2 - 2*y - 8. What is the tens digit of t(n)?
4
Suppose g - 2*x + 186 = 790, 0 = g + 4*x - 622. What is the tens digit of g?
1
Let d(j) = j + 29. Let p(o) = o + 28. Let u(g) = -4*d(g) + 5*p(g). Let i be u(0). Let k = i + 4. What is the tens digit of k?
2
What is the units digit of (-6 + -1 + -311)*-1?
8
Let k = -15 + 19. Suppose k*l = 3*l. Suppose l*d = 3*d - 138. What is the tens digit of d?
4
Suppose 15 = 3*i - 0*i. Suppose 5*g - 2*b + i = 0, g + 4*b + 23 = -0*b. What is the units digit of -2 + 5 + g + 2?
2
Suppose -56*q = -45*q - 9284. What is the units digit of q?
4
Let x(l) = l**2 + 3*l + 2. Let p be x(-3). Suppose p*u + 30 = -u. Let b = u - -62. What is the units d